{"id":1253,"date":"2023-09-21T13:37:22","date_gmt":"2023-09-21T11:37:22","guid":{"rendered":"https:\/\/kirwezelt.de\/?page_id=1253"},"modified":"2025-07-04T23:39:22","modified_gmt":"2025-07-04T21:39:22","slug":"samstag","status":"publish","type":"page","link":"https:\/\/kirwezelt.de\/cz\/kirwe2022\/samstag\/","title":{"rendered":"Kirwesamstag 2022 &#8211; Party-Zeit im Kirwezelt mit &#8220;ECHT STARK&#8221;!"},"content":{"rendered":"<div class=\"wp-block-image\">\n<figure class=\"aligncenter size-large is-resized\"><img loading=\"lazy\" decoding=\"async\" width=\"1024\" height=\"536\" src=\"https:\/\/kirwezelt.de\/wp-content\/uploads\/2022\/10\/samstag-fb-2022-1024x536.jpg\" alt=\"\" class=\"wp-image-128\" style=\"width:100%\" srcset=\"https:\/\/kirwezelt.de\/wp-content\/uploads\/2022\/10\/samstag-fb-2022-1024x536.jpg 1024w, https:\/\/kirwezelt.de\/wp-content\/uploads\/2022\/10\/samstag-fb-2022-300x157.jpg 300w, https:\/\/kirwezelt.de\/wp-content\/uploads\/2022\/10\/samstag-fb-2022-768x402.jpg 768w, https:\/\/kirwezelt.de\/wp-content\/uploads\/2022\/10\/samstag-fb-2022.jpg 1200w\" sizes=\"auto, (max-width: 1024px) 100vw, 1024px\" \/><\/figure>\n<\/div>\n\n\n<p class=\"has-large-font-size\"><strong>Samstag, 22. Oktober 2022 &#8211; 20:00 Uhr<\/strong><\/p>\n\n\n\n<p class=\"has-medium-font-size\"><strong>Party-Zeit im Kirwezelt!<br><\/strong>\u201eECHT STARK\u201c &#8211; das Motto f\u00fcr eine geile Feiernacht. Auf die Ohren gibt es Cover von alt bis neu, mit einer geh\u00f6rigen Portion Entertainment.<br>Lasst euch das nicht entgehen und erlebt eine Party der Superlative.<\/p>\n\n\n\n<p><a href=\"https:\/\/www.facebook.com\/events\/521272719329878\/\" target=\"_blank\" rel=\"noreferrer noopener\">Auf Facebook anzeigen<\/a><br><a href=\"https:\/\/www.echtstark-live.de\" target=\"_blank\" rel=\"noreferrer noopener\">www.echtstark-live.de<\/a><\/p>\n","protected":false},"excerpt":{"rendered":"<p>Samstag, 22. Oktober 2022 &#8211; 20:00 Uhr Party-Zeit im Kirwezelt!\u201eECHT STARK\u201c &#8211; das Motto f\u00fcr eine geile Feiernacht. Auf die Ohren gibt es Cover von alt bis neu, mit einer geh\u00f6rigen Portion Entertainment.Lasst euch das nicht entgehen und erlebt eine Party der Superlative. Auf Facebook anzeigenwww.echtstark-live.de<\/p>\n","protected":false},"author":1,"featured_media":0,"parent":2,"menu_order":0,"comment_status":"closed","ping_status":"closed","template":"","meta":{"footnotes":""},"class_list":["post-1253","page","type-page","status-publish","hentry"],"yoast_head":"<!-- This site is optimized with the Yoast SEO plugin v27.4 - https:\/\/yoast.com\/product\/yoast-seo-wordpress\/ -->\n<title>Kirwesamstag 2022 - Party-Zeit im Kirwezelt mit &quot;ECHT STARK&quot;! - KIRWEZELT ERLBACH<\/title>\n<meta name=\"robots\" content=\"index, follow, max-snippet:-1, max-image-preview:large, max-video-preview:-1\" \/>\n<link rel=\"canonical\" href=\"https:\/\/kirwezelt.de\/cz\/kirwe2022\/samstag\/\" \/>\n<meta property=\"og:locale\" content=\"cs_CZ\" \/>\n<meta property=\"og:locale:alternate\" content=\"de_DE\" \/>\n<meta property=\"og:type\" content=\"article\" \/>\n<meta property=\"og:title\" content=\"Kirwesamstag 2022 - Party-Zeit im Kirwezelt mit &quot;ECHT STARK&quot;! - KIRWEZELT ERLBACH\" \/>\n<meta property=\"og:description\" content=\"Samstag, 22. Oktober 2022 &#8211; 20:00 Uhr Party-Zeit im Kirwezelt!\u201eECHT STARK\u201c &#8211; das Motto f\u00fcr eine geile Feiernacht. Auf die Ohren gibt es Cover von alt bis neu, mit einer geh\u00f6rigen Portion Entertainment.Lasst euch das nicht entgehen und erlebt eine Party der Superlative. Auf Facebook anzeigenwww.echtstark-live.de\" \/>\n<meta property=\"og:url\" content=\"https:\/\/kirwezelt.de\/cz\/kirwe2022\/samstag\/\" \/>\n<meta property=\"og:site_name\" content=\"KIRWEZELT ERLBACH\" \/>\n<meta property=\"article:publisher\" content=\"https:\/\/www.facebook.com\/Kirwezelt\" \/>\n<meta property=\"article:modified_time\" content=\"2025-07-04T21:39:22+00:00\" \/>\n<meta property=\"og:image\" content=\"https:\/\/kirwezelt.de\/wp-content\/uploads\/2021\/10\/samstag-fb.jpg\" \/>\n\t<meta property=\"og:image:width\" content=\"1200\" \/>\n\t<meta property=\"og:image:height\" content=\"628\" \/>\n\t<meta property=\"og:image:type\" content=\"image\/jpeg\" \/>\n<meta name=\"twitter:card\" content=\"summary_large_image\" \/>\n<meta name=\"twitter:image\" content=\"https:\/\/kirwezelt.de\/wp-content\/uploads\/2021\/10\/samstag-fb.jpg\" \/>\n<meta name=\"twitter:label1\" content=\"Odhadovan\u00e1 doba \u010dten\u00ed\" \/>\n\t<meta name=\"twitter:data1\" content=\"1 minuta\" \/>\n<!-- \/ Yoast SEO plugin. -->","yoast_head_json":{"title":"Kirwesamstag 2022 - Party-Zeit im Kirwezelt mit \"ECHT STARK\"! - KIRWEZELT ERLBACH","robots":{"index":"index","follow":"follow","max-snippet":"max-snippet:-1","max-image-preview":"max-image-preview:large","max-video-preview":"max-video-preview:-1"},"canonical":"https:\/\/kirwezelt.de\/cz\/kirwe2022\/samstag\/","og_locale":"cs_CZ","og_type":"article","og_title":"Kirwesamstag 2022 - Party-Zeit im Kirwezelt mit \"ECHT STARK\"! - KIRWEZELT ERLBACH","og_description":"Samstag, 22. Oktober 2022 &#8211; 20:00 Uhr Party-Zeit im Kirwezelt!\u201eECHT STARK\u201c &#8211; das Motto f\u00fcr eine geile Feiernacht. Auf die Ohren gibt es Cover von alt bis neu, mit einer geh\u00f6rigen Portion Entertainment.Lasst euch das nicht entgehen und erlebt eine Party der Superlative. Auf Facebook anzeigenwww.echtstark-live.de","og_url":"https:\/\/kirwezelt.de\/cz\/kirwe2022\/samstag\/","og_site_name":"KIRWEZELT ERLBACH","article_publisher":"https:\/\/www.facebook.com\/Kirwezelt","article_modified_time":"2025-07-04T21:39:22+00:00","og_image":[{"width":1200,"height":628,"url":"https:\/\/kirwezelt.de\/wp-content\/uploads\/2021\/10\/samstag-fb.jpg","type":"image\/jpeg"}],"twitter_card":"summary_large_image","twitter_image":"https:\/\/kirwezelt.de\/wp-content\/uploads\/2021\/10\/samstag-fb.jpg","twitter_misc":{"Odhadovan\u00e1 doba \u010dten\u00ed":"1 minuta"},"schema":{"@context":"https:\/\/schema.org","@graph":[{"@type":"WebPage","@id":"https:\/\/kirwezelt.de\/kirwe2022\/samstag\/","url":"https:\/\/kirwezelt.de\/kirwe2022\/samstag\/","name":"Kirwesamstag 2022 - Party-Zeit im Kirwezelt mit \"ECHT STARK\"! - KIRWEZELT ERLBACH","isPartOf":{"@id":"https:\/\/kirwezelt.de\/#website"},"primaryImageOfPage":{"@id":"https:\/\/kirwezelt.de\/kirwe2022\/samstag\/#primaryimage"},"image":{"@id":"https:\/\/kirwezelt.de\/kirwe2022\/samstag\/#primaryimage"},"thumbnailUrl":"https:\/\/kirwezelt.de\/wp-content\/uploads\/2022\/10\/samstag-fb-2022-1024x536.jpg","datePublished":"2023-09-21T11:37:22+00:00","dateModified":"2025-07-04T21:39:22+00:00","breadcrumb":{"@id":"https:\/\/kirwezelt.de\/kirwe2022\/samstag\/#breadcrumb"},"inLanguage":"cs-CZ","potentialAction":[{"@type":"ReadAction","target":["https:\/\/kirwezelt.de\/kirwe2022\/samstag\/"]}]},{"@type":"ImageObject","inLanguage":"cs-CZ","@id":"https:\/\/kirwezelt.de\/kirwe2022\/samstag\/#primaryimage","url":"https:\/\/kirwezelt.de\/wp-content\/uploads\/2022\/10\/samstag-fb-2022-1024x536.jpg","contentUrl":"https:\/\/kirwezelt.de\/wp-content\/uploads\/2022\/10\/samstag-fb-2022-1024x536.jpg"},{"@type":"BreadcrumbList","@id":"https:\/\/kirwezelt.de\/kirwe2022\/samstag\/#breadcrumb","itemListElement":[{"@type":"ListItem","position":1,"name":"Startseite","item":"https:\/\/kirwezelt.de\/cz\/"},{"@type":"ListItem","position":2,"name":"Kirwezelt Erlbach 2022","item":"https:\/\/kirwezelt.de\/kirwe2022\/"},{"@type":"ListItem","position":3,"name":"Kirwesamstag 2022 &#8211; Party-Zeit im Kirwezelt mit &#8220;ECHT STARK&#8221;!"}]},{"@type":"WebSite","@id":"https:\/\/kirwezelt.de\/#website","url":"https:\/\/kirwezelt.de\/","name":"KIRWEZELT ERLBACH","description":"Wem k\u00f6iert die Kirwe?","publisher":{"@id":"https:\/\/kirwezelt.de\/#organization"},"potentialAction":[{"@type":"SearchAction","target":{"@type":"EntryPoint","urlTemplate":"https:\/\/kirwezelt.de\/?s={search_term_string}"},"query-input":{"@type":"PropertyValueSpecification","valueRequired":true,"valueName":"search_term_string"}}],"inLanguage":"cs-CZ"},{"@type":"Organization","@id":"https:\/\/kirwezelt.de\/#organization","name":"KIRWEZELT ERLBACH VERANSTALTUNGS Gbr","alternateName":"KIRWEZELT ERLBACH","url":"https:\/\/kirwezelt.de\/","logo":{"@type":"ImageObject","inLanguage":"cs-CZ","@id":"https:\/\/kirwezelt.de\/#\/schema\/logo\/image\/","url":"https:\/\/kirwezelt.de\/wp-content\/uploads\/2025\/07\/fb-profilbild-2025.jpg","contentUrl":"https:\/\/kirwezelt.de\/wp-content\/uploads\/2025\/07\/fb-profilbild-2025.jpg","width":1200,"height":1200,"caption":"KIRWEZELT ERLBACH VERANSTALTUNGS Gbr"},"image":{"@id":"https:\/\/kirwezelt.de\/#\/schema\/logo\/image\/"},"sameAs":["https:\/\/www.facebook.com\/Kirwezelt","https:\/\/www.instagram.com\/kirwezelt\/"]}]}},"_links":{"self":[{"href":"https:\/\/kirwezelt.de\/cz\/wp-json\/wp\/v2\/pages\/1253","targetHints":{"allow":["GET"]}}],"collection":[{"href":"https:\/\/kirwezelt.de\/cz\/wp-json\/wp\/v2\/pages"}],"about":[{"href":"https:\/\/kirwezelt.de\/cz\/wp-json\/wp\/v2\/types\/page"}],"author":[{"embeddable":true,"href":"https:\/\/kirwezelt.de\/cz\/wp-json\/wp\/v2\/users\/1"}],"replies":[{"embeddable":true,"href":"https:\/\/kirwezelt.de\/cz\/wp-json\/wp\/v2\/comments?post=1253"}],"version-history":[{"count":3,"href":"https:\/\/kirwezelt.de\/cz\/wp-json\/wp\/v2\/pages\/1253\/revisions"}],"predecessor-version":[{"id":1481,"href":"https:\/\/kirwezelt.de\/cz\/wp-json\/wp\/v2\/pages\/1253\/revisions\/1481"}],"up":[{"embeddable":true,"href":"https:\/\/kirwezelt.de\/cz\/wp-json\/wp\/v2\/pages\/2"}],"wp:attachment":[{"href":"https:\/\/kirwezelt.de\/cz\/wp-json\/wp\/v2\/media?parent=1253"}],"curies":[{"name":"wp","href":"https:\/\/api.w.org\/{rel}","templated":true}]}}

<div class="wp-block-image">
<figure class="aligncenter size-large is-resized"><img loading="lazy" decoding="async" width="1024" height="536" src="https://kirwezelt.de/wp-content/uploads/2022/10/samstag-fb-2022-1024x536.jpg" alt="" class="wp-image-128" style="width:100%" srcset="https://kirwezelt.de/wp-content/uploads/2022/10/samstag-fb-2022-1024x536.jpg 1024w, https://kirwezelt.de/wp-content/uploads/2022/10/samstag-fb-2022-300x157.jpg 300w, https://kirwezelt.de/wp-content/uploads/2022/10/samstag-fb-2022-768x402.jpg 768w, https://kirwezelt.de/wp-content/uploads/2022/10/samstag-fb-2022.jpg 1200w" sizes="auto, (max-width: 1024px) 100vw, 1024px" /></figure>
</div>


<p class="has-large-font-size"><strong>Samstag, 22. Oktober 2022 &#8211; 20:00 Uhr</strong></p>



<p class="has-medium-font-size"><strong>Party-Zeit im Kirwezelt!<br></strong>„ECHT STARK“ &#8211; das Motto für eine geile Feiernacht. Auf die Ohren gibt es Cover von alt bis neu, mit einer gehörigen Portion Entertainment.<br>Lasst euch das nicht entgehen und erlebt eine Party der Superlative.</p>



<p><a href="https://www.facebook.com/events/521272719329878/" target="_blank" rel="noreferrer noopener">Auf Facebook anzeigen</a><br><a href="https://www.echtstark-live.de" target="_blank" rel="noreferrer noopener">www.echtstark-live.de</a></p>

<p>Samstag, 22. Oktober 2022 &#8211; 20:00 Uhr Party-Zeit im Kirwezelt!„ECHT STARK“ &#8211; das Motto für eine geile Feiernacht. Auf die Ohren gibt es Cover von alt bis neu, mit einer gehörigen Portion Entertainment.Lasst euch das nicht entgehen und erlebt eine Party der Superlative. Auf Facebook anzeigenwww.echtstark-live.de</p>

<!-- This site is optimized with the Yoast SEO plugin v27.4 - https://yoast.com/product/yoast-seo-wordpress/ -->
<title>Kirwesamstag 2022 - Party-Zeit im Kirwezelt mit &quot;ECHT STARK&quot;! - KIRWEZELT ERLBACH</title>
<meta name="robots" content="index, follow, max-snippet:-1, max-image-preview:large, max-video-preview:-1" />
<link rel="canonical" href="https://kirwezelt.de/cz/kirwe2022/samstag/" />
<meta property="og:locale" content="cs_CZ" />
<meta property="og:locale:alternate" content="de_DE" />
<meta property="og:type" content="article" />
<meta property="og:title" content="Kirwesamstag 2022 - Party-Zeit im Kirwezelt mit &quot;ECHT STARK&quot;! - KIRWEZELT ERLBACH" />
<meta property="og:description" content="Samstag, 22. Oktober 2022 &#8211; 20:00 Uhr Party-Zeit im Kirwezelt!„ECHT STARK“ &#8211; das Motto für eine geile Feiernacht. Auf die Ohren gibt es Cover von alt bis neu, mit einer gehörigen Portion Entertainment.Lasst euch das nicht entgehen und erlebt eine Party der Superlative. Auf Facebook anzeigenwww.echtstark-live.de" />
<meta property="og:url" content="https://kirwezelt.de/cz/kirwe2022/samstag/" />
<meta property="og:site_name" content="KIRWEZELT ERLBACH" />
<meta property="article:publisher" content="https://www.facebook.com/Kirwezelt" />
<meta property="article:modified_time" content="2025-07-04T21:39:22+00:00" />
<meta property="og:image" content="https://kirwezelt.de/wp-content/uploads/2021/10/samstag-fb.jpg" />
	<meta property="og:image:width" content="1200" />
	<meta property="og:image:height" content="628" />
	<meta property="og:image:type" content="image/jpeg" />
<meta name="twitter:card" content="summary_large_image" />
<meta name="twitter:image" content="https://kirwezelt.de/wp-content/uploads/2021/10/samstag-fb.jpg" />
<meta name="twitter:label1" content="Odhadovaná doba čtení" />
	<meta name="twitter:data1" content="1 minuta" />
<!-- / Yoast SEO plugin. -->

Samstag, 22. Oktober 2022 &#8211; 20:00 Uhr Party-Zeit im Kirwezelt!„ECHT STARK“ &#8211; das Motto für eine geile Feiernacht. Auf die Ohren gibt es Cover von alt bis neu, mit einer gehörigen Portion Entertainment.Lasst euch das nicht entgehen und erlebt eine Party der Superlative. Auf Facebook anzeigenwww.echtstark-live.de

Wem köiert die Kirwe?
