{"id":1362,"date":"2024-09-04T17:23:10","date_gmt":"2024-09-04T15:23:10","guid":{"rendered":"https:\/\/kirwezelt.de\/?page_id=1362"},"modified":"2025-07-04T22:33:27","modified_gmt":"2025-07-04T20:33:27","slug":"kirwe2023","status":"publish","type":"page","link":"https:\/\/kirwezelt.de\/cz\/kirwe2023\/","title":{"rendered":"Kirwezelt Erlbach 2023"},"content":{"rendered":"\n<h3 class=\"wp-block-heading has-text-align-center\">20. Oktober &#8211; 22. Oktober 2023<\/h3>\n\n\n\n<p><\/p>\n\n\n\n<h1 class=\"wp-block-heading has-text-align-center\"><\/h1>\n\n\n\n<h2 class=\"wp-block-heading has-text-align-center\">Freitag, 20. Oktober 2023 &#8211; 20:00 Uhr<\/h2>\n\n\n<div class=\"wp-block-image\">\n<figure class=\"aligncenter size-large is-resized\"><a href=\"https:\/\/kirwezelt.de\/freitag\/\"><img loading=\"lazy\" decoding=\"async\" width=\"1024\" height=\"536\" src=\"https:\/\/kirwezelt.de\/wp-content\/uploads\/2023\/09\/freitag-fb-2023-1024x536.jpg\" alt=\"\" class=\"wp-image-1265\" style=\"width:1024px;height:undefinedpx\" srcset=\"https:\/\/kirwezelt.de\/wp-content\/uploads\/2023\/09\/freitag-fb-2023-1024x536.jpg 1024w, https:\/\/kirwezelt.de\/wp-content\/uploads\/2023\/09\/freitag-fb-2023-300x157.jpg 300w, https:\/\/kirwezelt.de\/wp-content\/uploads\/2023\/09\/freitag-fb-2023-768x402.jpg 768w, https:\/\/kirwezelt.de\/wp-content\/uploads\/2023\/09\/freitag-fb-2023.jpg 1200w\" sizes=\"auto, (max-width: 1024px) 100vw, 1024px\" \/><\/a><\/figure>\n<\/div>\n\n\n<h2 class=\"wp-block-heading has-text-align-center\">Samstag, 21. Oktober 2023 &#8211; 20:00 Uhr<\/h2>\n\n\n<div class=\"wp-block-image\">\n<figure class=\"aligncenter size-large is-resized\"><a href=\"https:\/\/kirwezelt.de\/samstag\/\"><img loading=\"lazy\" decoding=\"async\" width=\"1024\" height=\"536\" src=\"https:\/\/kirwezelt.de\/wp-content\/uploads\/2023\/09\/samstag-fb-2023-v2-1-1024x536.jpg\" alt=\"\" class=\"wp-image-1311\" style=\"width:1024px;height:undefinedpx\" srcset=\"https:\/\/kirwezelt.de\/wp-content\/uploads\/2023\/09\/samstag-fb-2023-v2-1-1024x536.jpg 1024w, https:\/\/kirwezelt.de\/wp-content\/uploads\/2023\/09\/samstag-fb-2023-v2-1-300x157.jpg 300w, https:\/\/kirwezelt.de\/wp-content\/uploads\/2023\/09\/samstag-fb-2023-v2-1-768x402.jpg 768w, https:\/\/kirwezelt.de\/wp-content\/uploads\/2023\/09\/samstag-fb-2023-v2-1.jpg 1200w\" sizes=\"auto, (max-width: 1024px) 100vw, 1024px\" \/><\/a><\/figure>\n<\/div>\n\n\n<h2 class=\"wp-block-heading has-text-align-center\">Sonntag, 22. Oktober 2023 &#8211; 19:00 Uhr<\/h2>\n\n\n<div class=\"wp-block-image\">\n<figure class=\"aligncenter size-large is-resized\"><a href=\"https:\/\/kirwezelt.de\/sonntag\/\"><img loading=\"lazy\" decoding=\"async\" width=\"1024\" height=\"536\" src=\"https:\/\/kirwezelt.de\/wp-content\/uploads\/2023\/10\/sonntag-fb2023-2-1024x536.jpg\" alt=\"\" class=\"wp-image-1354\" style=\"width:1024px;height:undefinedpx\" srcset=\"https:\/\/kirwezelt.de\/wp-content\/uploads\/2023\/10\/sonntag-fb2023-2-1024x536.jpg 1024w, https:\/\/kirwezelt.de\/wp-content\/uploads\/2023\/10\/sonntag-fb2023-2-300x157.jpg 300w, https:\/\/kirwezelt.de\/wp-content\/uploads\/2023\/10\/sonntag-fb2023-2-768x402.jpg 768w, https:\/\/kirwezelt.de\/wp-content\/uploads\/2023\/10\/sonntag-fb2023-2.jpg 1200w\" sizes=\"auto, (max-width: 1024px) 100vw, 1024px\" \/><\/a><\/figure>\n<\/div>\n\n\n<p><\/p>\n","protected":false},"excerpt":{"rendered":"<p>20. Oktober &#8211; 22. Oktober 2023 Freitag, 20. Oktober 2023 &#8211; 20:00 Uhr Samstag, 21. Oktober 2023 &#8211; 20:00 Uhr Sonntag, 22. Oktober 2023 &#8211; 19:00 Uhr<\/p>\n","protected":false},"author":1,"featured_media":1304,"parent":0,"menu_order":0,"comment_status":"closed","ping_status":"closed","template":"","meta":{"footnotes":""},"class_list":["post-1362","page","type-page","status-publish","has-post-thumbnail","hentry"],"yoast_head":"<!-- This site is optimized with the Yoast SEO plugin v27.4 - https:\/\/yoast.com\/product\/yoast-seo-wordpress\/ -->\n<title>KIRWEZELT ERLBACH<\/title>\n<meta name=\"description\" content=\"KIRWE Erlbach 2022 | 21. Oktober - 24. Oktober 2022 | NOBODY, LAST RISING, ECHT STARK und LAP FOR YOUNG\" \/>\n<meta name=\"robots\" content=\"index, follow, max-snippet:-1, max-image-preview:large, max-video-preview:-1\" \/>\n<link rel=\"canonical\" href=\"https:\/\/kirwezelt.de\/cz\/kirwe2023\/\" \/>\n<meta property=\"og:locale\" content=\"cs_CZ\" \/>\n<meta property=\"og:locale:alternate\" content=\"de_DE\" \/>\n<meta property=\"og:type\" content=\"article\" \/>\n<meta property=\"og:title\" content=\"KIRWEZELT ERLBACH\" \/>\n<meta property=\"og:description\" content=\"KIRWE Erlbach 2022 | 21. Oktober - 24. Oktober 2022 | NOBODY, LAST RISING, ECHT STARK und LAP FOR YOUNG\" \/>\n<meta property=\"og:url\" content=\"https:\/\/kirwezelt.de\/cz\/kirwe2023\/\" \/>\n<meta property=\"og:site_name\" content=\"KIRWEZELT ERLBACH\" \/>\n<meta property=\"article:publisher\" content=\"https:\/\/www.facebook.com\/Kirwezelt\" \/>\n<meta property=\"article:modified_time\" content=\"2025-07-04T20:33:27+00:00\" \/>\n<meta property=\"og:image\" content=\"https:\/\/kirwezelt.de\/wp-content\/uploads\/2023\/09\/Kirwe2022-WE-Ticket-2023-scaled.jpg\" \/>\n\t<meta property=\"og:image:width\" content=\"2560\" \/>\n\t<meta property=\"og:image:height\" content=\"1440\" \/>\n\t<meta property=\"og:image:type\" content=\"image\/jpeg\" \/>\n<meta name=\"twitter:card\" content=\"summary_large_image\" \/>\n<meta name=\"twitter:title\" content=\"KIRWEZELT ERLBACH\" \/>\n<meta name=\"twitter:description\" content=\"KIRWE Erlbach 2022 | 21. Oktober - 24. Oktober 2022 | NOBODY, LAST RISING, ECHT STARK und LAP FOR YOUNG\" \/>\n<meta name=\"twitter:image\" content=\"https:\/\/kirwezelt.de\/wp-content\/uploads\/2023\/09\/Kirwe2022-WE-Ticket-2023-scaled.jpg\" \/>\n<meta name=\"twitter:label1\" content=\"Odhadovan\u00e1 doba \u010dten\u00ed\" \/>\n\t<meta name=\"twitter:data1\" content=\"1 minuta\" \/>\n<!-- \/ Yoast SEO plugin. -->","yoast_head_json":{"title":"KIRWEZELT ERLBACH","description":"KIRWE Erlbach 2022 | 21. Oktober - 24. Oktober 2022 | NOBODY, LAST RISING, ECHT STARK und LAP FOR YOUNG","robots":{"index":"index","follow":"follow","max-snippet":"max-snippet:-1","max-image-preview":"max-image-preview:large","max-video-preview":"max-video-preview:-1"},"canonical":"https:\/\/kirwezelt.de\/cz\/kirwe2023\/","og_locale":"cs_CZ","og_type":"article","og_title":"KIRWEZELT ERLBACH","og_description":"KIRWE Erlbach 2022 | 21. Oktober - 24. Oktober 2022 | NOBODY, LAST RISING, ECHT STARK und LAP FOR YOUNG","og_url":"https:\/\/kirwezelt.de\/cz\/kirwe2023\/","og_site_name":"KIRWEZELT ERLBACH","article_publisher":"https:\/\/www.facebook.com\/Kirwezelt","article_modified_time":"2025-07-04T20:33:27+00:00","og_image":[{"width":2560,"height":1440,"url":"https:\/\/kirwezelt.de\/wp-content\/uploads\/2023\/09\/Kirwe2022-WE-Ticket-2023-scaled.jpg","type":"image\/jpeg"}],"twitter_card":"summary_large_image","twitter_title":"KIRWEZELT ERLBACH","twitter_description":"KIRWE Erlbach 2022 | 21. Oktober - 24. Oktober 2022 | NOBODY, LAST RISING, ECHT STARK und LAP FOR YOUNG","twitter_image":"https:\/\/kirwezelt.de\/wp-content\/uploads\/2023\/09\/Kirwe2022-WE-Ticket-2023-scaled.jpg","twitter_misc":{"Odhadovan\u00e1 doba \u010dten\u00ed":"1 minuta"},"schema":{"@context":"https:\/\/schema.org","@graph":[{"@type":"WebPage","@id":"https:\/\/kirwezelt.de\/kirwe2023\/","url":"https:\/\/kirwezelt.de\/kirwe2023\/","name":"KIRWEZELT ERLBACH","isPartOf":{"@id":"https:\/\/kirwezelt.de\/#website"},"primaryImageOfPage":{"@id":"https:\/\/kirwezelt.de\/kirwe2023\/#primaryimage"},"image":{"@id":"https:\/\/kirwezelt.de\/kirwe2023\/#primaryimage"},"thumbnailUrl":"https:\/\/kirwezelt.de\/wp-content\/uploads\/2023\/09\/Kirwe2022-WE-Ticket-2023-scaled.jpg","datePublished":"2024-09-04T15:23:10+00:00","dateModified":"2025-07-04T20:33:27+00:00","description":"KIRWE Erlbach 2022 | 21. Oktober - 24. Oktober 2022 | NOBODY, LAST RISING, ECHT STARK und LAP FOR YOUNG","breadcrumb":{"@id":"https:\/\/kirwezelt.de\/kirwe2023\/#breadcrumb"},"inLanguage":"cs-CZ","potentialAction":[{"@type":"ReadAction","target":["https:\/\/kirwezelt.de\/kirwe2023\/"]}]},{"@type":"ImageObject","inLanguage":"cs-CZ","@id":"https:\/\/kirwezelt.de\/kirwe2023\/#primaryimage","url":"https:\/\/kirwezelt.de\/wp-content\/uploads\/2023\/09\/Kirwe2022-WE-Ticket-2023-scaled.jpg","contentUrl":"https:\/\/kirwezelt.de\/wp-content\/uploads\/2023\/09\/Kirwe2022-WE-Ticket-2023-scaled.jpg","width":2560,"height":1440},{"@type":"BreadcrumbList","@id":"https:\/\/kirwezelt.de\/kirwe2023\/#breadcrumb","itemListElement":[{"@type":"ListItem","position":1,"name":"Startseite","item":"https:\/\/kirwezelt.de\/cz\/"},{"@type":"ListItem","position":2,"name":"Kirwezelt Erlbach 2023"}]},{"@type":"WebSite","@id":"https:\/\/kirwezelt.de\/#website","url":"https:\/\/kirwezelt.de\/","name":"KIRWEZELT ERLBACH","description":"Wem k\u00f6iert die Kirwe?","publisher":{"@id":"https:\/\/kirwezelt.de\/#organization"},"potentialAction":[{"@type":"SearchAction","target":{"@type":"EntryPoint","urlTemplate":"https:\/\/kirwezelt.de\/?s={search_term_string}"},"query-input":{"@type":"PropertyValueSpecification","valueRequired":true,"valueName":"search_term_string"}}],"inLanguage":"cs-CZ"},{"@type":"Organization","@id":"https:\/\/kirwezelt.de\/#organization","name":"KIRWEZELT ERLBACH VERANSTALTUNGS Gbr","alternateName":"KIRWEZELT ERLBACH","url":"https:\/\/kirwezelt.de\/","logo":{"@type":"ImageObject","inLanguage":"cs-CZ","@id":"https:\/\/kirwezelt.de\/#\/schema\/logo\/image\/","url":"https:\/\/kirwezelt.de\/wp-content\/uploads\/2025\/07\/fb-profilbild-2025.jpg","contentUrl":"https:\/\/kirwezelt.de\/wp-content\/uploads\/2025\/07\/fb-profilbild-2025.jpg","width":1200,"height":1200,"caption":"KIRWEZELT ERLBACH VERANSTALTUNGS Gbr"},"image":{"@id":"https:\/\/kirwezelt.de\/#\/schema\/logo\/image\/"},"sameAs":["https:\/\/www.facebook.com\/Kirwezelt","https:\/\/www.instagram.com\/kirwezelt\/"]}]}},"_links":{"self":[{"href":"https:\/\/kirwezelt.de\/cz\/wp-json\/wp\/v2\/pages\/1362","targetHints":{"allow":["GET"]}}],"collection":[{"href":"https:\/\/kirwezelt.de\/cz\/wp-json\/wp\/v2\/pages"}],"about":[{"href":"https:\/\/kirwezelt.de\/cz\/wp-json\/wp\/v2\/types\/page"}],"author":[{"embeddable":true,"href":"https:\/\/kirwezelt.de\/cz\/wp-json\/wp\/v2\/users\/1"}],"replies":[{"embeddable":true,"href":"https:\/\/kirwezelt.de\/cz\/wp-json\/wp\/v2\/comments?post=1362"}],"version-history":[{"count":2,"href":"https:\/\/kirwezelt.de\/cz\/wp-json\/wp\/v2\/pages\/1362\/revisions"}],"predecessor-version":[{"id":1463,"href":"https:\/\/kirwezelt.de\/cz\/wp-json\/wp\/v2\/pages\/1362\/revisions\/1463"}],"wp:featuredmedia":[{"embeddable":true,"href":"https:\/\/kirwezelt.de\/cz\/wp-json\/wp\/v2\/media\/1304"}],"wp:attachment":[{"href":"https:\/\/kirwezelt.de\/cz\/wp-json\/wp\/v2\/media?parent=1362"}],"curies":[{"name":"wp","href":"https:\/\/api.w.org\/{rel}","templated":true}]}}

<!-- This site is optimized with the Yoast SEO plugin v27.4 - https://yoast.com/product/yoast-seo-wordpress/ -->
<title>KIRWEZELT ERLBACH</title>
<meta name="description" content="KIRWE Erlbach 2022 | 21. Oktober - 24. Oktober 2022 | NOBODY, LAST RISING, ECHT STARK und LAP FOR YOUNG" />
<meta name="robots" content="index, follow, max-snippet:-1, max-image-preview:large, max-video-preview:-1" />
<link rel="canonical" href="https://kirwezelt.de/cz/kirwe2023/" />
<meta property="og:locale" content="cs_CZ" />
<meta property="og:locale:alternate" content="de_DE" />
<meta property="og:type" content="article" />
<meta property="og:title" content="KIRWEZELT ERLBACH" />
<meta property="og:description" content="KIRWE Erlbach 2022 | 21. Oktober - 24. Oktober 2022 | NOBODY, LAST RISING, ECHT STARK und LAP FOR YOUNG" />
<meta property="og:url" content="https://kirwezelt.de/cz/kirwe2023/" />
<meta property="og:site_name" content="KIRWEZELT ERLBACH" />
<meta property="article:publisher" content="https://www.facebook.com/Kirwezelt" />
<meta property="article:modified_time" content="2025-07-04T20:33:27+00:00" />
<meta property="og:image" content="https://kirwezelt.de/wp-content/uploads/2023/09/Kirwe2022-WE-Ticket-2023-scaled.jpg" />
	<meta property="og:image:width" content="2560" />
	<meta property="og:image:height" content="1440" />
	<meta property="og:image:type" content="image/jpeg" />
<meta name="twitter:card" content="summary_large_image" />
<meta name="twitter:title" content="KIRWEZELT ERLBACH" />
<meta name="twitter:description" content="KIRWE Erlbach 2022 | 21. Oktober - 24. Oktober 2022 | NOBODY, LAST RISING, ECHT STARK und LAP FOR YOUNG" />
<meta name="twitter:image" content="https://kirwezelt.de/wp-content/uploads/2023/09/Kirwe2022-WE-Ticket-2023-scaled.jpg" />
<meta name="twitter:label1" content="Odhadovaná doba čtení" />
	<meta name="twitter:data1" content="1 minuta" />
<!-- / Yoast SEO plugin. -->

Wem köiert die Kirwe?
