{"id":204,"date":"2022-10-18T21:52:07","date_gmt":"2022-10-18T19:52:07","guid":{"rendered":"https:\/\/kirwezelt.de\/?page_id=204"},"modified":"2026-01-22T12:37:20","modified_gmt":"2026-01-22T11:37:20","slug":"veranstalter","status":"publish","type":"page","link":"https:\/\/kirwezelt.de\/cz\/veranstalter\/","title":{"rendered":"Organiz\u00e1tor"},"content":{"rendered":"<div class=\"wp-block-image\">\n<figure class=\"aligncenter size-full is-resized\"><img loading=\"lazy\" decoding=\"async\" width=\"1279\" height=\"410\" src=\"https:\/\/kirwezelt.de\/wp-content\/uploads\/2025\/07\/kirwezelt-logo-800.png\" alt=\"\" class=\"wp-image-1424\" style=\"width:250px;height:81px\" srcset=\"https:\/\/kirwezelt.de\/wp-content\/uploads\/2025\/07\/kirwezelt-logo-800.png 1279w, https:\/\/kirwezelt.de\/wp-content\/uploads\/2025\/07\/kirwezelt-logo-800-300x96.png 300w, https:\/\/kirwezelt.de\/wp-content\/uploads\/2025\/07\/kirwezelt-logo-800-1024x328.png 1024w, https:\/\/kirwezelt.de\/wp-content\/uploads\/2025\/07\/kirwezelt-logo-800-768x246.png 768w\" sizes=\"auto, (max-width: 1279px) 100vw, 1279px\" \/><\/figure>\n<\/div>\n\n\n<h4 class=\"wp-block-heading has-text-align-center\">KIRWEZELT ERLBACH VERANSTALTUNGS Gbr<\/h4>\n\n\n\n<p class=\"has-text-align-center\">Gopplasgr\u00fcner Str. 23<br>08258 Erlbach<br>N\u011bmecko<\/p>\n\n\n\n<h4 class=\"wp-block-heading has-text-align-center\"><br>Spole\u010dn\u00edk:<\/h4>\n\n\n\n<p class=\"has-text-align-center\">Silvio Beutin<br>Sven K\u00f6hler<br>Silvio Hoyer<\/p>\n\n\n\n<figure class=\"wp-block-video aligncenter\"><video controls style=\"border-radius: 20px; width: 100%;\" src=\"https:\/\/kirwezelt.de\/wp-content\/uploads\/2025\/07\/kirwezelt_2024_aufbau-2160p.mp4\"><\/video><figcaption class=\"wp-element-caption\"><center>V\u00fdstavba KIRWEZELT<\/center><\/figcaption><\/figure>\n\n\n\n<p><\/p>\n","protected":false},"excerpt":{"rendered":"<p>KIRWEZELT ERLBACH VERANSTALTUNGS Gbr Gopplasgr\u00fcner Str. 2308258 ErlbachN\u011bmecko Spole\u010dn\u00edk: Silvio BeutinSven K\u00f6hlerSilvio Hoyer V\u00fdstavba KIRWEZELT<\/p>\n","protected":false},"author":1,"featured_media":0,"parent":0,"menu_order":0,"comment_status":"closed","ping_status":"closed","template":"","meta":{"footnotes":""},"class_list":["post-204","page","type-page","status-publish","hentry"],"yoast_head":"<!-- This site is optimized with the Yoast SEO plugin v27.4 - https:\/\/yoast.com\/product\/yoast-seo-wordpress\/ -->\n<title>Organiz\u00e1tor<\/title>\n<meta name=\"robots\" content=\"index, follow, max-snippet:-1, max-image-preview:large, max-video-preview:-1\" \/>\n<link rel=\"canonical\" href=\"https:\/\/kirwezelt.de\/cz\/veranstalter\/\" \/>\n<meta property=\"og:locale\" content=\"cs_CZ\" \/>\n<meta property=\"og:locale:alternate\" content=\"de_DE\" \/>\n<meta property=\"og:type\" content=\"article\" \/>\n<meta property=\"og:title\" content=\"Organiz\u00e1tor\" \/>\n<meta property=\"og:description\" content=\"KIRWEZELT ERLBACH VERANSTALTUNGS Gbr Gopplasgr\u00fcner Str. 2308258 ErlbachN\u011bmecko Spole\u010dn\u00edk: Silvio BeutinSven K\u00f6hlerSilvio Hoyer V\u00fdstavba KIRWEZELT\" \/>\n<meta property=\"og:url\" content=\"https:\/\/kirwezelt.de\/cz\/veranstalter\/\" \/>\n<meta property=\"og:site_name\" content=\"KIRWEZELT ERLBACH\" \/>\n<meta property=\"article:publisher\" content=\"https:\/\/www.facebook.com\/Kirwezelt\" \/>\n<meta property=\"article:modified_time\" content=\"2026-01-22T11:37:20+00:00\" \/>\n<meta property=\"og:image\" content=\"https:\/\/kirwezelt.de\/wp-content\/uploads\/2025\/07\/kirwezelt-logo-800.png\" \/>\n\t<meta property=\"og:image:width\" content=\"1279\" \/>\n\t<meta property=\"og:image:height\" content=\"410\" \/>\n\t<meta property=\"og:image:type\" content=\"image\/png\" \/>\n<meta name=\"twitter:card\" content=\"summary_large_image\" \/>\n<!-- \/ Yoast SEO plugin. -->","yoast_head_json":{"title":"Organiz\u00e1tor","robots":{"index":"index","follow":"follow","max-snippet":"max-snippet:-1","max-image-preview":"max-image-preview:large","max-video-preview":"max-video-preview:-1"},"canonical":"https:\/\/kirwezelt.de\/cz\/veranstalter\/","og_locale":"cs_CZ","og_type":"article","og_title":"[:de]Veranstalter[:cz]Organiz\u00e1tor[:] - KIRWEZELT ERLBACH","og_description":"KIRWEZELT ERLBACH VERANSTALTUNGS Gbr Gopplasgr\u00fcner Str. 2308258 ErlbachN\u011bmecko Spole\u010dn\u00edk: Silvio BeutinSven K\u00f6hlerSilvio Hoyer V\u00fdstavba KIRWEZELT","og_url":"https:\/\/kirwezelt.de\/cz\/veranstalter\/","og_site_name":"KIRWEZELT ERLBACH","article_publisher":"https:\/\/www.facebook.com\/Kirwezelt","article_modified_time":"2026-01-22T11:37:20+00:00","og_image":[{"width":1279,"height":410,"url":"https:\/\/kirwezelt.de\/wp-content\/uploads\/2025\/07\/kirwezelt-logo-800.png","type":"image\/png"}],"twitter_card":"summary_large_image","schema":{"@context":"https:\/\/schema.org","@graph":[{"@type":"WebPage","@id":"https:\/\/kirwezelt.de\/cz\/veranstalter\/","url":"https:\/\/kirwezelt.de\/cz\/veranstalter\/","name":"Organiz\u00e1tor","isPartOf":{"@id":"https:\/\/kirwezelt.de\/#website"},"primaryImageOfPage":{"@id":"https:\/\/kirwezelt.de\/cz\/veranstalter\/#primaryimage"},"image":{"@id":"https:\/\/kirwezelt.de\/cz\/veranstalter\/#primaryimage"},"thumbnailUrl":"https:\/\/kirwezelt.de\/wp-content\/uploads\/2025\/07\/kirwezelt-logo-800.png","datePublished":"2022-10-18T19:52:07+00:00","dateModified":"2026-01-22T11:37:20+00:00","breadcrumb":{"@id":"https:\/\/kirwezelt.de\/cz\/veranstalter\/#breadcrumb"},"inLanguage":"cs-CZ","potentialAction":[{"@type":"ReadAction","target":["https:\/\/kirwezelt.de\/cz\/veranstalter\/"]}]},{"@type":"ImageObject","inLanguage":"cs-CZ","@id":"https:\/\/kirwezelt.de\/cz\/veranstalter\/#primaryimage","url":"https:\/\/kirwezelt.de\/wp-content\/uploads\/2025\/07\/kirwezelt-logo-800.png","contentUrl":"https:\/\/kirwezelt.de\/wp-content\/uploads\/2025\/07\/kirwezelt-logo-800.png"},{"@type":"BreadcrumbList","@id":"https:\/\/kirwezelt.de\/cz\/veranstalter\/#breadcrumb","itemListElement":[{"@type":"ListItem","position":1,"name":"Startseite","item":"https:\/\/kirwezelt.de\/cz\/"},{"@type":"ListItem","position":2,"name":"Organiz\u00e1tor"}]},{"@type":"WebSite","@id":"https:\/\/kirwezelt.de\/#website","url":"https:\/\/kirwezelt.de\/","name":"KIRWEZELT ERLBACH","description":"Wem k\u00f6iert die Kirwe?","publisher":{"@id":"https:\/\/kirwezelt.de\/#organization"},"potentialAction":[{"@type":"SearchAction","target":{"@type":"EntryPoint","urlTemplate":"https:\/\/kirwezelt.de\/?s={search_term_string}"},"query-input":{"@type":"PropertyValueSpecification","valueRequired":true,"valueName":"search_term_string"}}],"inLanguage":"cs-CZ"},{"@type":"Organization","@id":"https:\/\/kirwezelt.de\/#organization","name":"KIRWEZELT ERLBACH VERANSTALTUNGS Gbr","alternateName":"KIRWEZELT ERLBACH","url":"https:\/\/kirwezelt.de\/","logo":{"@type":"ImageObject","inLanguage":"cs-CZ","@id":"https:\/\/kirwezelt.de\/#\/schema\/logo\/image\/","url":"https:\/\/kirwezelt.de\/wp-content\/uploads\/2025\/07\/fb-profilbild-2025.jpg","contentUrl":"https:\/\/kirwezelt.de\/wp-content\/uploads\/2025\/07\/fb-profilbild-2025.jpg","width":1200,"height":1200,"caption":"KIRWEZELT ERLBACH VERANSTALTUNGS Gbr"},"image":{"@id":"https:\/\/kirwezelt.de\/#\/schema\/logo\/image\/"},"sameAs":["https:\/\/www.facebook.com\/Kirwezelt","https:\/\/www.instagram.com\/kirwezelt\/"]}]}},"_links":{"self":[{"href":"https:\/\/kirwezelt.de\/cz\/wp-json\/wp\/v2\/pages\/204","targetHints":{"allow":["GET"]}}],"collection":[{"href":"https:\/\/kirwezelt.de\/cz\/wp-json\/wp\/v2\/pages"}],"about":[{"href":"https:\/\/kirwezelt.de\/cz\/wp-json\/wp\/v2\/types\/page"}],"author":[{"embeddable":true,"href":"https:\/\/kirwezelt.de\/cz\/wp-json\/wp\/v2\/users\/1"}],"replies":[{"embeddable":true,"href":"https:\/\/kirwezelt.de\/cz\/wp-json\/wp\/v2\/comments?post=204"}],"version-history":[{"count":10,"href":"https:\/\/kirwezelt.de\/cz\/wp-json\/wp\/v2\/pages\/204\/revisions"}],"predecessor-version":[{"id":1642,"href":"https:\/\/kirwezelt.de\/cz\/wp-json\/wp\/v2\/pages\/204\/revisions\/1642"}],"wp:attachment":[{"href":"https:\/\/kirwezelt.de\/cz\/wp-json\/wp\/v2\/media?parent=204"}],"curies":[{"name":"wp","href":"https:\/\/api.w.org\/{rel}","templated":true}]}}

Organizátor

<div class="wp-block-image">
<figure class="aligncenter size-full is-resized"><img loading="lazy" decoding="async" width="1279" height="410" src="https://kirwezelt.de/wp-content/uploads/2025/07/kirwezelt-logo-800.png" alt="" class="wp-image-1424" style="width:250px;height:81px" srcset="https://kirwezelt.de/wp-content/uploads/2025/07/kirwezelt-logo-800.png 1279w, https://kirwezelt.de/wp-content/uploads/2025/07/kirwezelt-logo-800-300x96.png 300w, https://kirwezelt.de/wp-content/uploads/2025/07/kirwezelt-logo-800-1024x328.png 1024w, https://kirwezelt.de/wp-content/uploads/2025/07/kirwezelt-logo-800-768x246.png 768w" sizes="auto, (max-width: 1279px) 100vw, 1279px" /></figure>
</div>


<h4 class="wp-block-heading has-text-align-center">KIRWEZELT ERLBACH VERANSTALTUNGS Gbr</h4>



<p class="has-text-align-center">Gopplasgrüner Str. 23<br>08258 Erlbach<br>Německo</p>



<h4 class="wp-block-heading has-text-align-center"><br>Společník:</h4>



<p class="has-text-align-center">Silvio Beutin<br>Sven Köhler<br>Silvio Hoyer</p>



<figure class="wp-block-video aligncenter"><video controls style="border-radius: 20px; width: 100%;" src="https://kirwezelt.de/wp-content/uploads/2025/07/kirwezelt_2024_aufbau-2160p.mp4"></video><figcaption class="wp-element-caption"><center>Výstavba KIRWEZELT</center></figcaption></figure>



<p></p>

<p>KIRWEZELT ERLBACH VERANSTALTUNGS Gbr Gopplasgrüner Str. 2308258 ErlbachNěmecko Společník: Silvio BeutinSven KöhlerSilvio Hoyer Výstavba KIRWEZELT</p>

<!-- This site is optimized with the Yoast SEO plugin v27.4 - https://yoast.com/product/yoast-seo-wordpress/ -->
<title>Organizátor</title>
<meta name="robots" content="index, follow, max-snippet:-1, max-image-preview:large, max-video-preview:-1" />
<link rel="canonical" href="https://kirwezelt.de/cz/veranstalter/" />
<meta property="og:locale" content="cs_CZ" />
<meta property="og:locale:alternate" content="de_DE" />
<meta property="og:type" content="article" />
<meta property="og:title" content="Organizátor" />
<meta property="og:description" content="KIRWEZELT ERLBACH VERANSTALTUNGS Gbr Gopplasgrüner Str. 2308258 ErlbachNěmecko Společník: Silvio BeutinSven KöhlerSilvio Hoyer Výstavba KIRWEZELT" />
<meta property="og:url" content="https://kirwezelt.de/cz/veranstalter/" />
<meta property="og:site_name" content="KIRWEZELT ERLBACH" />
<meta property="article:publisher" content="https://www.facebook.com/Kirwezelt" />
<meta property="article:modified_time" content="2026-01-22T11:37:20+00:00" />
<meta property="og:image" content="https://kirwezelt.de/wp-content/uploads/2025/07/kirwezelt-logo-800.png" />
	<meta property="og:image:width" content="1279" />
	<meta property="og:image:height" content="410" />
	<meta property="og:image:type" content="image/png" />
<meta name="twitter:card" content="summary_large_image" />
<!-- / Yoast SEO plugin. -->

[:de]Veranstalter[:cz]Organizátor[:] - KIRWEZELT ERLBACH

KIRWEZELT ERLBACH VERANSTALTUNGS Gbr Gopplasgrüner Str. 2308258 ErlbachNěmecko Společník: Silvio BeutinSven KöhlerSilvio Hoyer Výstavba KIRWEZELT

Wem köiert die Kirwe?
