{"id":67,"date":"2021-10-18T14:54:10","date_gmt":"2021-10-18T12:54:10","guid":{"rendered":"https:\/\/kirwezelt.de\/?page_id=67"},"modified":"2025-07-04T23:38:06","modified_gmt":"2025-07-04T21:38:06","slug":"sonntag","status":"publish","type":"page","link":"https:\/\/kirwezelt.de\/cz\/kirwe2023\/sonntag\/","title":{"rendered":"Kirwesonntag &#8211; Lap for young"},"content":{"rendered":"<div class=\"wp-block-image\">\n<figure class=\"aligncenter size-large is-resized\"><img loading=\"lazy\" decoding=\"async\" width=\"1024\" height=\"536\" src=\"https:\/\/kirwezelt.de\/wp-content\/uploads\/2023\/10\/sonntag-fb2023-2-1024x536.jpg\" alt=\"\" class=\"wp-image-1354\" style=\"width:1024px;height:undefinedpx\" srcset=\"https:\/\/kirwezelt.de\/wp-content\/uploads\/2023\/10\/sonntag-fb2023-2-1024x536.jpg 1024w, https:\/\/kirwezelt.de\/wp-content\/uploads\/2023\/10\/sonntag-fb2023-2-300x157.jpg 300w, https:\/\/kirwezelt.de\/wp-content\/uploads\/2023\/10\/sonntag-fb2023-2-768x402.jpg 768w, https:\/\/kirwezelt.de\/wp-content\/uploads\/2023\/10\/sonntag-fb2023-2.jpg 1200w\" sizes=\"auto, (max-width: 1024px) 100vw, 1024px\" \/><\/figure>\n<\/div>\n\n\n<p><\/p>\n\n\n\n<p class=\"has-large-font-size\"><strong>Sonntag, 22. Oktober 2023 &#8211; 19:00 Uhr<\/strong><\/p>\n\n\n\n<p class=\"has-medium-font-size\"><strong>#lapforyoung&nbsp;&#8211; Der Name ist Programm!<br><\/strong>Es wird laut, es wird knallig, es wird bunt. Partystimmung garantiert. Der Kirwe-Sonntag geh\u00f6rt der jungen Generation.<\/p>\n\n\n\n<p><a href=\"https:\/\/www.facebook.com\/events\/1117367915908235\/\" target=\"_blank\" rel=\"noreferrer noopener\">Auf Facebook anzeigen<\/a><\/p>\n","protected":false},"excerpt":{"rendered":"<p>Sonntag, 22. Oktober 2023 &#8211; 19:00 Uhr #lapforyoung&nbsp;&#8211; Der Name ist Programm!Es wird laut, es wird knallig, es wird bunt. Partystimmung garantiert. Der Kirwe-Sonntag geh\u00f6rt der jungen Generation. Auf Facebook anzeigen<\/p>\n","protected":false},"author":1,"featured_media":0,"parent":1362,"menu_order":0,"comment_status":"closed","ping_status":"closed","template":"","meta":{"footnotes":""},"class_list":["post-67","page","type-page","status-publish","hentry"],"yoast_head":"<!-- This site is optimized with the Yoast SEO plugin v27.4 - https:\/\/yoast.com\/product\/yoast-seo-wordpress\/ -->\n<title>Kirwesonntag - Lap for young - KIRWEZELT ERLBACH<\/title>\n<meta name=\"robots\" content=\"index, follow, max-snippet:-1, max-image-preview:large, max-video-preview:-1\" \/>\n<link rel=\"canonical\" href=\"https:\/\/kirwezelt.de\/cz\/kirwe2023\/sonntag\/\" \/>\n<meta property=\"og:locale\" content=\"cs_CZ\" \/>\n<meta property=\"og:locale:alternate\" content=\"de_DE\" \/>\n<meta property=\"og:type\" content=\"article\" \/>\n<meta property=\"og:title\" content=\"Kirwesonntag - Lap for young - KIRWEZELT ERLBACH\" \/>\n<meta property=\"og:description\" content=\"Sonntag, 22. Oktober 2023 &#8211; 19:00 Uhr #lapforyoung&nbsp;&#8211; Der Name ist Programm!Es wird laut, es wird knallig, es wird bunt. Partystimmung garantiert. Der Kirwe-Sonntag geh\u00f6rt der jungen Generation. Auf Facebook anzeigen\" \/>\n<meta property=\"og:url\" content=\"https:\/\/kirwezelt.de\/cz\/kirwe2023\/sonntag\/\" \/>\n<meta property=\"og:site_name\" content=\"KIRWEZELT ERLBACH\" \/>\n<meta property=\"article:publisher\" content=\"https:\/\/www.facebook.com\/Kirwezelt\" \/>\n<meta property=\"article:modified_time\" content=\"2025-07-04T21:38:06+00:00\" \/>\n<meta property=\"og:image\" content=\"https:\/\/kirwezelt.de\/wp-content\/uploads\/2023\/09\/sonntag-fb-2023.jpg\" \/>\n\t<meta property=\"og:image:width\" content=\"1200\" \/>\n\t<meta property=\"og:image:height\" content=\"628\" \/>\n\t<meta property=\"og:image:type\" content=\"image\/jpeg\" \/>\n<meta name=\"twitter:card\" content=\"summary_large_image\" \/>\n<meta name=\"twitter:image\" content=\"https:\/\/kirwezelt.de\/wp-content\/uploads\/2023\/09\/sonntag-fb-2023.jpg\" \/>\n<meta name=\"twitter:label1\" content=\"Odhadovan\u00e1 doba \u010dten\u00ed\" \/>\n\t<meta name=\"twitter:data1\" content=\"1 minuta\" \/>\n<!-- \/ Yoast SEO plugin. -->","yoast_head_json":{"title":"Kirwesonntag - Lap for young - KIRWEZELT ERLBACH","robots":{"index":"index","follow":"follow","max-snippet":"max-snippet:-1","max-image-preview":"max-image-preview:large","max-video-preview":"max-video-preview:-1"},"canonical":"https:\/\/kirwezelt.de\/cz\/kirwe2023\/sonntag\/","og_locale":"cs_CZ","og_type":"article","og_title":"Kirwesonntag - Lap for young - KIRWEZELT ERLBACH","og_description":"Sonntag, 22. Oktober 2023 &#8211; 19:00 Uhr #lapforyoung&nbsp;&#8211; Der Name ist Programm!Es wird laut, es wird knallig, es wird bunt. Partystimmung garantiert. Der Kirwe-Sonntag geh\u00f6rt der jungen Generation. Auf Facebook anzeigen","og_url":"https:\/\/kirwezelt.de\/cz\/kirwe2023\/sonntag\/","og_site_name":"KIRWEZELT ERLBACH","article_publisher":"https:\/\/www.facebook.com\/Kirwezelt","article_modified_time":"2025-07-04T21:38:06+00:00","og_image":[{"width":1200,"height":628,"url":"https:\/\/kirwezelt.de\/wp-content\/uploads\/2023\/09\/sonntag-fb-2023.jpg","type":"image\/jpeg"}],"twitter_card":"summary_large_image","twitter_image":"https:\/\/kirwezelt.de\/wp-content\/uploads\/2023\/09\/sonntag-fb-2023.jpg","twitter_misc":{"Odhadovan\u00e1 doba \u010dten\u00ed":"1 minuta"},"schema":{"@context":"https:\/\/schema.org","@graph":[{"@type":"WebPage","@id":"https:\/\/kirwezelt.de\/kirwe2023\/sonntag\/","url":"https:\/\/kirwezelt.de\/kirwe2023\/sonntag\/","name":"Kirwesonntag - Lap for young - KIRWEZELT ERLBACH","isPartOf":{"@id":"https:\/\/kirwezelt.de\/#website"},"primaryImageOfPage":{"@id":"https:\/\/kirwezelt.de\/kirwe2023\/sonntag\/#primaryimage"},"image":{"@id":"https:\/\/kirwezelt.de\/kirwe2023\/sonntag\/#primaryimage"},"thumbnailUrl":"https:\/\/kirwezelt.de\/wp-content\/uploads\/2023\/10\/sonntag-fb2023-2-1024x536.jpg","datePublished":"2021-10-18T12:54:10+00:00","dateModified":"2025-07-04T21:38:06+00:00","breadcrumb":{"@id":"https:\/\/kirwezelt.de\/kirwe2023\/sonntag\/#breadcrumb"},"inLanguage":"cs-CZ","potentialAction":[{"@type":"ReadAction","target":["https:\/\/kirwezelt.de\/kirwe2023\/sonntag\/"]}]},{"@type":"ImageObject","inLanguage":"cs-CZ","@id":"https:\/\/kirwezelt.de\/kirwe2023\/sonntag\/#primaryimage","url":"https:\/\/kirwezelt.de\/wp-content\/uploads\/2023\/10\/sonntag-fb2023-2-1024x536.jpg","contentUrl":"https:\/\/kirwezelt.de\/wp-content\/uploads\/2023\/10\/sonntag-fb2023-2-1024x536.jpg"},{"@type":"BreadcrumbList","@id":"https:\/\/kirwezelt.de\/kirwe2023\/sonntag\/#breadcrumb","itemListElement":[{"@type":"ListItem","position":1,"name":"Startseite","item":"https:\/\/kirwezelt.de\/cz\/"},{"@type":"ListItem","position":2,"name":"Kirwezelt Erlbach 2023","item":"https:\/\/kirwezelt.de\/kirwe2023\/"},{"@type":"ListItem","position":3,"name":"Kirwesonntag &#8211; Lap for young"}]},{"@type":"WebSite","@id":"https:\/\/kirwezelt.de\/#website","url":"https:\/\/kirwezelt.de\/","name":"KIRWEZELT ERLBACH","description":"Wem k\u00f6iert die Kirwe?","publisher":{"@id":"https:\/\/kirwezelt.de\/#organization"},"potentialAction":[{"@type":"SearchAction","target":{"@type":"EntryPoint","urlTemplate":"https:\/\/kirwezelt.de\/?s={search_term_string}"},"query-input":{"@type":"PropertyValueSpecification","valueRequired":true,"valueName":"search_term_string"}}],"inLanguage":"cs-CZ"},{"@type":"Organization","@id":"https:\/\/kirwezelt.de\/#organization","name":"KIRWEZELT ERLBACH VERANSTALTUNGS Gbr","alternateName":"KIRWEZELT ERLBACH","url":"https:\/\/kirwezelt.de\/","logo":{"@type":"ImageObject","inLanguage":"cs-CZ","@id":"https:\/\/kirwezelt.de\/#\/schema\/logo\/image\/","url":"https:\/\/kirwezelt.de\/wp-content\/uploads\/2025\/07\/fb-profilbild-2025.jpg","contentUrl":"https:\/\/kirwezelt.de\/wp-content\/uploads\/2025\/07\/fb-profilbild-2025.jpg","width":1200,"height":1200,"caption":"KIRWEZELT ERLBACH VERANSTALTUNGS Gbr"},"image":{"@id":"https:\/\/kirwezelt.de\/#\/schema\/logo\/image\/"},"sameAs":["https:\/\/www.facebook.com\/Kirwezelt","https:\/\/www.instagram.com\/kirwezelt\/"]}]}},"_links":{"self":[{"href":"https:\/\/kirwezelt.de\/cz\/wp-json\/wp\/v2\/pages\/67","targetHints":{"allow":["GET"]}}],"collection":[{"href":"https:\/\/kirwezelt.de\/cz\/wp-json\/wp\/v2\/pages"}],"about":[{"href":"https:\/\/kirwezelt.de\/cz\/wp-json\/wp\/v2\/types\/page"}],"author":[{"embeddable":true,"href":"https:\/\/kirwezelt.de\/cz\/wp-json\/wp\/v2\/users\/1"}],"replies":[{"embeddable":true,"href":"https:\/\/kirwezelt.de\/cz\/wp-json\/wp\/v2\/comments?post=67"}],"version-history":[{"count":10,"href":"https:\/\/kirwezelt.de\/cz\/wp-json\/wp\/v2\/pages\/67\/revisions"}],"predecessor-version":[{"id":1479,"href":"https:\/\/kirwezelt.de\/cz\/wp-json\/wp\/v2\/pages\/67\/revisions\/1479"}],"up":[{"embeddable":true,"href":"https:\/\/kirwezelt.de\/cz\/wp-json\/wp\/v2\/pages\/1362"}],"wp:attachment":[{"href":"https:\/\/kirwezelt.de\/cz\/wp-json\/wp\/v2\/media?parent=67"}],"curies":[{"name":"wp","href":"https:\/\/api.w.org\/{rel}","templated":true}]}}

<div class="wp-block-image">
<figure class="aligncenter size-large is-resized"><img loading="lazy" decoding="async" width="1024" height="536" src="https://kirwezelt.de/wp-content/uploads/2023/10/sonntag-fb2023-2-1024x536.jpg" alt="" class="wp-image-1354" style="width:1024px;height:undefinedpx" srcset="https://kirwezelt.de/wp-content/uploads/2023/10/sonntag-fb2023-2-1024x536.jpg 1024w, https://kirwezelt.de/wp-content/uploads/2023/10/sonntag-fb2023-2-300x157.jpg 300w, https://kirwezelt.de/wp-content/uploads/2023/10/sonntag-fb2023-2-768x402.jpg 768w, https://kirwezelt.de/wp-content/uploads/2023/10/sonntag-fb2023-2.jpg 1200w" sizes="auto, (max-width: 1024px) 100vw, 1024px" /></figure>
</div>


<p></p>



<p class="has-large-font-size"><strong>Sonntag, 22. Oktober 2023 &#8211; 19:00 Uhr</strong></p>



<p class="has-medium-font-size"><strong>#lapforyoung&nbsp;&#8211; Der Name ist Programm!<br></strong>Es wird laut, es wird knallig, es wird bunt. Partystimmung garantiert. Der Kirwe-Sonntag gehört der jungen Generation.</p>



<p><a href="https://www.facebook.com/events/1117367915908235/" target="_blank" rel="noreferrer noopener">Auf Facebook anzeigen</a></p>

<p>Sonntag, 22. Oktober 2023 &#8211; 19:00 Uhr #lapforyoung&nbsp;&#8211; Der Name ist Programm!Es wird laut, es wird knallig, es wird bunt. Partystimmung garantiert. Der Kirwe-Sonntag gehört der jungen Generation. Auf Facebook anzeigen</p>

<!-- This site is optimized with the Yoast SEO plugin v27.4 - https://yoast.com/product/yoast-seo-wordpress/ -->
<title>Kirwesonntag - Lap for young - KIRWEZELT ERLBACH</title>
<meta name="robots" content="index, follow, max-snippet:-1, max-image-preview:large, max-video-preview:-1" />
<link rel="canonical" href="https://kirwezelt.de/cz/kirwe2023/sonntag/" />
<meta property="og:locale" content="cs_CZ" />
<meta property="og:locale:alternate" content="de_DE" />
<meta property="og:type" content="article" />
<meta property="og:title" content="Kirwesonntag - Lap for young - KIRWEZELT ERLBACH" />
<meta property="og:description" content="Sonntag, 22. Oktober 2023 &#8211; 19:00 Uhr #lapforyoung&nbsp;&#8211; Der Name ist Programm!Es wird laut, es wird knallig, es wird bunt. Partystimmung garantiert. Der Kirwe-Sonntag gehört der jungen Generation. Auf Facebook anzeigen" />
<meta property="og:url" content="https://kirwezelt.de/cz/kirwe2023/sonntag/" />
<meta property="og:site_name" content="KIRWEZELT ERLBACH" />
<meta property="article:publisher" content="https://www.facebook.com/Kirwezelt" />
<meta property="article:modified_time" content="2025-07-04T21:38:06+00:00" />
<meta property="og:image" content="https://kirwezelt.de/wp-content/uploads/2023/09/sonntag-fb-2023.jpg" />
	<meta property="og:image:width" content="1200" />
	<meta property="og:image:height" content="628" />
	<meta property="og:image:type" content="image/jpeg" />
<meta name="twitter:card" content="summary_large_image" />
<meta name="twitter:image" content="https://kirwezelt.de/wp-content/uploads/2023/09/sonntag-fb-2023.jpg" />
<meta name="twitter:label1" content="Odhadovaná doba čtení" />
	<meta name="twitter:data1" content="1 minuta" />
<!-- / Yoast SEO plugin. -->

Sonntag, 22. Oktober 2023 &#8211; 19:00 Uhr #lapforyoung&nbsp;&#8211; Der Name ist Programm!Es wird laut, es wird knallig, es wird bunt. Partystimmung garantiert. Der Kirwe-Sonntag gehört der jungen Generation. Auf Facebook anzeigen

Wem köiert die Kirwe?
