{"id":83,"date":"2021-10-18T15:05:46","date_gmt":"2021-10-18T13:05:46","guid":{"rendered":"https:\/\/kirwezelt.de\/?page_id=83"},"modified":"2025-07-04T23:37:44","modified_gmt":"2025-07-04T21:37:44","slug":"samstag","status":"publish","type":"page","link":"https:\/\/kirwezelt.de\/cz\/kirwe2023\/samstag\/","title":{"rendered":"Kirwesamstag &#8211; PARTY-FIEBER IM KIRWEZELT mit ROCKPIRAT und dem legend\u00e4ren Kirwe DJ"},"content":{"rendered":"<div class=\"wp-block-image\">\n<figure class=\"aligncenter size-large is-resized\"><img loading=\"lazy\" decoding=\"async\" width=\"1024\" height=\"536\" src=\"https:\/\/kirwezelt.de\/wp-content\/uploads\/2023\/09\/samstag-fb-2023-v2-1024x536.jpg\" alt=\"\" class=\"wp-image-1309\" style=\"width:1024px;height:undefinedpx\" srcset=\"https:\/\/kirwezelt.de\/wp-content\/uploads\/2023\/09\/samstag-fb-2023-v2-1024x536.jpg 1024w, https:\/\/kirwezelt.de\/wp-content\/uploads\/2023\/09\/samstag-fb-2023-v2-300x157.jpg 300w, https:\/\/kirwezelt.de\/wp-content\/uploads\/2023\/09\/samstag-fb-2023-v2-768x402.jpg 768w, https:\/\/kirwezelt.de\/wp-content\/uploads\/2023\/09\/samstag-fb-2023-v2.jpg 1200w\" sizes=\"auto, (max-width: 1024px) 100vw, 1024px\" \/><\/figure>\n<\/div>\n\n\n<p><\/p>\n\n\n\n<p class=\"has-large-font-size\"><strong>Samstag, 21. Oktober 2023 &#8211; 20:00 Uhr<\/strong><\/p>\n\n\n\n<p class=\"has-medium-font-size\"><strong>Party-Zeit im Kirwezelt!<br><\/strong>\u201ePARTY-FIEBER IM KIRWEZELT\u201c mit ROCKPIRAT und dem legend\u00e4ren Kirwe DJ<\/p>\n\n\n\n<p><a href=\"https:\/\/www.facebook.com\/events\/694303062228812\/\" target=\"_blank\" rel=\"noreferrer noopener\">Auf Facebook anzeigen<\/a><br><a href=\"http:\/\/www.rockpirat.de\/\" target=\"_blank\" rel=\"noreferrer noopener\">www.rockpirat.de<\/a><\/p>\n","protected":false},"excerpt":{"rendered":"<p>Samstag, 21. Oktober 2023 &#8211; 20:00 Uhr Party-Zeit im Kirwezelt!\u201ePARTY-FIEBER IM KIRWEZELT\u201c mit ROCKPIRAT und dem legend\u00e4ren Kirwe DJ Auf Facebook anzeigenwww.rockpirat.de<\/p>\n","protected":false},"author":1,"featured_media":0,"parent":1362,"menu_order":0,"comment_status":"closed","ping_status":"closed","template":"","meta":{"footnotes":""},"class_list":["post-83","page","type-page","status-publish","hentry"],"yoast_head":"<!-- This site is optimized with the Yoast SEO plugin v27.4 - https:\/\/yoast.com\/product\/yoast-seo-wordpress\/ -->\n<title>Kirwesamstag - PARTY-FIEBER IM KIRWEZELT mit ROCKPIRAT und dem legend\u00e4ren Kirwe DJ - KIRWEZELT ERLBACH<\/title>\n<meta name=\"robots\" content=\"index, follow, max-snippet:-1, max-image-preview:large, max-video-preview:-1\" \/>\n<link rel=\"canonical\" href=\"https:\/\/kirwezelt.de\/cz\/kirwe2023\/samstag\/\" \/>\n<meta property=\"og:locale\" content=\"cs_CZ\" \/>\n<meta property=\"og:locale:alternate\" content=\"de_DE\" \/>\n<meta property=\"og:type\" content=\"article\" \/>\n<meta property=\"og:title\" content=\"Kirwesamstag - PARTY-FIEBER IM KIRWEZELT mit ROCKPIRAT und dem legend\u00e4ren Kirwe DJ - KIRWEZELT ERLBACH\" \/>\n<meta property=\"og:description\" content=\"Samstag, 21. Oktober 2023 &#8211; 20:00 Uhr Party-Zeit im Kirwezelt!\u201ePARTY-FIEBER IM KIRWEZELT\u201c mit ROCKPIRAT und dem legend\u00e4ren Kirwe DJ Auf Facebook anzeigenwww.rockpirat.de\" \/>\n<meta property=\"og:url\" content=\"https:\/\/kirwezelt.de\/cz\/kirwe2023\/samstag\/\" \/>\n<meta property=\"og:site_name\" content=\"KIRWEZELT ERLBACH\" \/>\n<meta property=\"article:publisher\" content=\"https:\/\/www.facebook.com\/Kirwezelt\" \/>\n<meta property=\"article:modified_time\" content=\"2025-07-04T21:37:44+00:00\" \/>\n<meta property=\"og:image\" content=\"https:\/\/kirwezelt.de\/wp-content\/uploads\/2023\/09\/samstag-fb-2023-1.jpg\" \/>\n\t<meta property=\"og:image:width\" content=\"1200\" \/>\n\t<meta property=\"og:image:height\" content=\"628\" \/>\n\t<meta property=\"og:image:type\" content=\"image\/jpeg\" \/>\n<meta name=\"twitter:card\" content=\"summary_large_image\" \/>\n<meta name=\"twitter:image\" content=\"https:\/\/kirwezelt.de\/wp-content\/uploads\/2023\/09\/samstag-fb-2023-1.jpg\" \/>\n<meta name=\"twitter:label1\" content=\"Odhadovan\u00e1 doba \u010dten\u00ed\" \/>\n\t<meta name=\"twitter:data1\" content=\"1 minuta\" \/>\n<!-- \/ Yoast SEO plugin. -->","yoast_head_json":{"title":"Kirwesamstag - PARTY-FIEBER IM KIRWEZELT mit ROCKPIRAT und dem legend\u00e4ren Kirwe DJ - KIRWEZELT ERLBACH","robots":{"index":"index","follow":"follow","max-snippet":"max-snippet:-1","max-image-preview":"max-image-preview:large","max-video-preview":"max-video-preview:-1"},"canonical":"https:\/\/kirwezelt.de\/cz\/kirwe2023\/samstag\/","og_locale":"cs_CZ","og_type":"article","og_title":"Kirwesamstag - PARTY-FIEBER IM KIRWEZELT mit ROCKPIRAT und dem legend\u00e4ren Kirwe DJ - KIRWEZELT ERLBACH","og_description":"Samstag, 21. Oktober 2023 &#8211; 20:00 Uhr Party-Zeit im Kirwezelt!\u201ePARTY-FIEBER IM KIRWEZELT\u201c mit ROCKPIRAT und dem legend\u00e4ren Kirwe DJ Auf Facebook anzeigenwww.rockpirat.de","og_url":"https:\/\/kirwezelt.de\/cz\/kirwe2023\/samstag\/","og_site_name":"KIRWEZELT ERLBACH","article_publisher":"https:\/\/www.facebook.com\/Kirwezelt","article_modified_time":"2025-07-04T21:37:44+00:00","og_image":[{"width":1200,"height":628,"url":"https:\/\/kirwezelt.de\/wp-content\/uploads\/2023\/09\/samstag-fb-2023-1.jpg","type":"image\/jpeg"}],"twitter_card":"summary_large_image","twitter_image":"https:\/\/kirwezelt.de\/wp-content\/uploads\/2023\/09\/samstag-fb-2023-1.jpg","twitter_misc":{"Odhadovan\u00e1 doba \u010dten\u00ed":"1 minuta"},"schema":{"@context":"https:\/\/schema.org","@graph":[{"@type":"WebPage","@id":"https:\/\/kirwezelt.de\/kirwe2023\/samstag\/","url":"https:\/\/kirwezelt.de\/kirwe2023\/samstag\/","name":"Kirwesamstag - PARTY-FIEBER IM KIRWEZELT mit ROCKPIRAT und dem legend\u00e4ren Kirwe DJ - KIRWEZELT ERLBACH","isPartOf":{"@id":"https:\/\/kirwezelt.de\/#website"},"primaryImageOfPage":{"@id":"https:\/\/kirwezelt.de\/kirwe2023\/samstag\/#primaryimage"},"image":{"@id":"https:\/\/kirwezelt.de\/kirwe2023\/samstag\/#primaryimage"},"thumbnailUrl":"https:\/\/kirwezelt.de\/wp-content\/uploads\/2023\/09\/samstag-fb-2023-v2-1024x536.jpg","datePublished":"2021-10-18T13:05:46+00:00","dateModified":"2025-07-04T21:37:44+00:00","breadcrumb":{"@id":"https:\/\/kirwezelt.de\/kirwe2023\/samstag\/#breadcrumb"},"inLanguage":"cs-CZ","potentialAction":[{"@type":"ReadAction","target":["https:\/\/kirwezelt.de\/kirwe2023\/samstag\/"]}]},{"@type":"ImageObject","inLanguage":"cs-CZ","@id":"https:\/\/kirwezelt.de\/kirwe2023\/samstag\/#primaryimage","url":"https:\/\/kirwezelt.de\/wp-content\/uploads\/2023\/09\/samstag-fb-2023-v2-1024x536.jpg","contentUrl":"https:\/\/kirwezelt.de\/wp-content\/uploads\/2023\/09\/samstag-fb-2023-v2-1024x536.jpg"},{"@type":"BreadcrumbList","@id":"https:\/\/kirwezelt.de\/kirwe2023\/samstag\/#breadcrumb","itemListElement":[{"@type":"ListItem","position":1,"name":"Startseite","item":"https:\/\/kirwezelt.de\/cz\/"},{"@type":"ListItem","position":2,"name":"Kirwezelt Erlbach 2023","item":"https:\/\/kirwezelt.de\/kirwe2023\/"},{"@type":"ListItem","position":3,"name":"Kirwesamstag &#8211; PARTY-FIEBER IM KIRWEZELT mit ROCKPIRAT und dem legend\u00e4ren Kirwe DJ"}]},{"@type":"WebSite","@id":"https:\/\/kirwezelt.de\/#website","url":"https:\/\/kirwezelt.de\/","name":"KIRWEZELT ERLBACH","description":"Wem k\u00f6iert die Kirwe?","publisher":{"@id":"https:\/\/kirwezelt.de\/#organization"},"potentialAction":[{"@type":"SearchAction","target":{"@type":"EntryPoint","urlTemplate":"https:\/\/kirwezelt.de\/?s={search_term_string}"},"query-input":{"@type":"PropertyValueSpecification","valueRequired":true,"valueName":"search_term_string"}}],"inLanguage":"cs-CZ"},{"@type":"Organization","@id":"https:\/\/kirwezelt.de\/#organization","name":"KIRWEZELT ERLBACH VERANSTALTUNGS Gbr","alternateName":"KIRWEZELT ERLBACH","url":"https:\/\/kirwezelt.de\/","logo":{"@type":"ImageObject","inLanguage":"cs-CZ","@id":"https:\/\/kirwezelt.de\/#\/schema\/logo\/image\/","url":"https:\/\/kirwezelt.de\/wp-content\/uploads\/2025\/07\/fb-profilbild-2025.jpg","contentUrl":"https:\/\/kirwezelt.de\/wp-content\/uploads\/2025\/07\/fb-profilbild-2025.jpg","width":1200,"height":1200,"caption":"KIRWEZELT ERLBACH VERANSTALTUNGS Gbr"},"image":{"@id":"https:\/\/kirwezelt.de\/#\/schema\/logo\/image\/"},"sameAs":["https:\/\/www.facebook.com\/Kirwezelt","https:\/\/www.instagram.com\/kirwezelt\/"]}]}},"_links":{"self":[{"href":"https:\/\/kirwezelt.de\/cz\/wp-json\/wp\/v2\/pages\/83","targetHints":{"allow":["GET"]}}],"collection":[{"href":"https:\/\/kirwezelt.de\/cz\/wp-json\/wp\/v2\/pages"}],"about":[{"href":"https:\/\/kirwezelt.de\/cz\/wp-json\/wp\/v2\/types\/page"}],"author":[{"embeddable":true,"href":"https:\/\/kirwezelt.de\/cz\/wp-json\/wp\/v2\/users\/1"}],"replies":[{"embeddable":true,"href":"https:\/\/kirwezelt.de\/cz\/wp-json\/wp\/v2\/comments?post=83"}],"version-history":[{"count":10,"href":"https:\/\/kirwezelt.de\/cz\/wp-json\/wp\/v2\/pages\/83\/revisions"}],"predecessor-version":[{"id":1478,"href":"https:\/\/kirwezelt.de\/cz\/wp-json\/wp\/v2\/pages\/83\/revisions\/1478"}],"up":[{"embeddable":true,"href":"https:\/\/kirwezelt.de\/cz\/wp-json\/wp\/v2\/pages\/1362"}],"wp:attachment":[{"href":"https:\/\/kirwezelt.de\/cz\/wp-json\/wp\/v2\/media?parent=83"}],"curies":[{"name":"wp","href":"https:\/\/api.w.org\/{rel}","templated":true}]}}

Kirwesamstag &#8211; PARTY-FIEBER IM KIRWEZELT mit ROCKPIRAT und dem legendären Kirwe DJ

<div class="wp-block-image">
<figure class="aligncenter size-large is-resized"><img loading="lazy" decoding="async" width="1024" height="536" src="https://kirwezelt.de/wp-content/uploads/2023/09/samstag-fb-2023-v2-1024x536.jpg" alt="" class="wp-image-1309" style="width:1024px;height:undefinedpx" srcset="https://kirwezelt.de/wp-content/uploads/2023/09/samstag-fb-2023-v2-1024x536.jpg 1024w, https://kirwezelt.de/wp-content/uploads/2023/09/samstag-fb-2023-v2-300x157.jpg 300w, https://kirwezelt.de/wp-content/uploads/2023/09/samstag-fb-2023-v2-768x402.jpg 768w, https://kirwezelt.de/wp-content/uploads/2023/09/samstag-fb-2023-v2.jpg 1200w" sizes="auto, (max-width: 1024px) 100vw, 1024px" /></figure>
</div>


<p></p>



<p class="has-large-font-size"><strong>Samstag, 21. Oktober 2023 &#8211; 20:00 Uhr</strong></p>



<p class="has-medium-font-size"><strong>Party-Zeit im Kirwezelt!<br></strong>„PARTY-FIEBER IM KIRWEZELT“ mit ROCKPIRAT und dem legendären Kirwe DJ</p>



<p><a href="https://www.facebook.com/events/694303062228812/" target="_blank" rel="noreferrer noopener">Auf Facebook anzeigen</a><br><a href="http://www.rockpirat.de/" target="_blank" rel="noreferrer noopener">www.rockpirat.de</a></p>

<p>Samstag, 21. Oktober 2023 &#8211; 20:00 Uhr Party-Zeit im Kirwezelt!„PARTY-FIEBER IM KIRWEZELT“ mit ROCKPIRAT und dem legendären Kirwe DJ Auf Facebook anzeigenwww.rockpirat.de</p>

<!-- This site is optimized with the Yoast SEO plugin v27.4 - https://yoast.com/product/yoast-seo-wordpress/ -->
<title>Kirwesamstag - PARTY-FIEBER IM KIRWEZELT mit ROCKPIRAT und dem legendären Kirwe DJ - KIRWEZELT ERLBACH</title>
<meta name="robots" content="index, follow, max-snippet:-1, max-image-preview:large, max-video-preview:-1" />
<link rel="canonical" href="https://kirwezelt.de/cz/kirwe2023/samstag/" />
<meta property="og:locale" content="cs_CZ" />
<meta property="og:locale:alternate" content="de_DE" />
<meta property="og:type" content="article" />
<meta property="og:title" content="Kirwesamstag - PARTY-FIEBER IM KIRWEZELT mit ROCKPIRAT und dem legendären Kirwe DJ - KIRWEZELT ERLBACH" />
<meta property="og:description" content="Samstag, 21. Oktober 2023 &#8211; 20:00 Uhr Party-Zeit im Kirwezelt!„PARTY-FIEBER IM KIRWEZELT“ mit ROCKPIRAT und dem legendären Kirwe DJ Auf Facebook anzeigenwww.rockpirat.de" />
<meta property="og:url" content="https://kirwezelt.de/cz/kirwe2023/samstag/" />
<meta property="og:site_name" content="KIRWEZELT ERLBACH" />
<meta property="article:publisher" content="https://www.facebook.com/Kirwezelt" />
<meta property="article:modified_time" content="2025-07-04T21:37:44+00:00" />
<meta property="og:image" content="https://kirwezelt.de/wp-content/uploads/2023/09/samstag-fb-2023-1.jpg" />
	<meta property="og:image:width" content="1200" />
	<meta property="og:image:height" content="628" />
	<meta property="og:image:type" content="image/jpeg" />
<meta name="twitter:card" content="summary_large_image" />
<meta name="twitter:image" content="https://kirwezelt.de/wp-content/uploads/2023/09/samstag-fb-2023-1.jpg" />
<meta name="twitter:label1" content="Odhadovaná doba čtení" />
	<meta name="twitter:data1" content="1 minuta" />
<!-- / Yoast SEO plugin. -->

Kirwesamstag - PARTY-FIEBER IM KIRWEZELT mit ROCKPIRAT und dem legendären Kirwe DJ - KIRWEZELT ERLBACH

Samstag, 21. Oktober 2023 &#8211; 20:00 Uhr Party-Zeit im Kirwezelt!„PARTY-FIEBER IM KIRWEZELT“ mit ROCKPIRAT und dem legendären Kirwe DJ Auf Facebook anzeigenwww.rockpirat.de

Wem köiert die Kirwe?
